{"id":125,"date":"2023-02-17T15:11:05","date_gmt":"2023-02-17T14:11:05","guid":{"rendered":"https:\/\/echosdescene.fr\/?page_id=125"},"modified":"2024-09-29T18:27:20","modified_gmt":"2024-09-29T16:27:20","slug":"echos-de-scene-nous-contacter","status":"publish","type":"page","link":"https:\/\/echosdescene.fr\/index.php\/echos-de-scene-nous-contacter\/","title":{"rendered":"Contact"},"content":{"rendered":"\t\t<div data-elementor-type=\"wp-page\" data-elementor-id=\"125\" class=\"elementor elementor-125\">\n\t\t\t\t\t\t<section class=\"elementor-section elementor-top-section elementor-element elementor-element-b353aa6 elementor-section-full_width elementor-section-height-default elementor-section-height-default\" data-id=\"b353aa6\" data-element_type=\"section\" data-e-type=\"section\">\n\t\t\t\t\t\t<div class=\"elementor-container elementor-column-gap-default\">\n\t\t\t\t\t<div class=\"elementor-column elementor-col-100 elementor-top-column elementor-element elementor-element-b63f246\" data-id=\"b63f246\" data-element_type=\"column\" data-e-type=\"column\">\n\t\t\t<div class=\"elementor-widget-wrap elementor-element-populated\">\n\t\t\t\t\t\t<div class=\"elementor-element elementor-element-2c6dc07 elementor-widget elementor-widget-heading\" data-id=\"2c6dc07\" data-element_type=\"widget\" data-e-type=\"widget\" data-widget_type=\"heading.default\">\n\t\t\t\t<div class=\"elementor-widget-container\">\n\t\t\t\t\t<h2 class=\"elementor-heading-title elementor-size-default\">Nous contacter<\/h2>\t\t\t\t<\/div>\n\t\t\t\t<\/div>\n\t\t\t\t<div class=\"elementor-element elementor-element-922e0a2 elementor-widget elementor-widget-text-editor\" data-id=\"922e0a2\" data-element_type=\"widget\" data-e-type=\"widget\" data-widget_type=\"text-editor.default\">\n\t\t\t\t<div class=\"elementor-widget-container\">\n\t\t\t\t\t\t\t\t\t<p><span style=\"color: #333333; font-size: 16px;\">Une question ? Un commentaire ? Laissez-nous un message, nous nous ferons un plaisir d&rsquo;y r\u00e9pondre !<\/span><\/p><p><span style=\"color: #333333;\">Envie de nous rejoindre ? Nous sommes toujours \u00e0 la recherche d&rsquo;artistes et de b\u00e9n\u00e9voles, n&rsquo;h\u00e9sitez pas \u00e0 vous pr\u00e9senter via le formulaire ci-dessous !<\/span><\/p><p><span style=\"color: #000000;\"><em>(N-B : les r\u00e9servations pour un spectacle, c&rsquo;est par ici &gt;&gt; <\/em><\/span><span style=\"color: #e63946;\"><em><span style=\"text-decoration: underline;\"><a style=\"text-decoration: underline; color: #e63946;\" href=\"https:\/\/echosdescene.fr\/index.php\/echos-de-scene-reservation\/\">R\u00e9servation<\/a><\/span><\/em><\/span><span style=\"color: #000000;\"><em>)<\/em><\/span><\/p>\t\t\t\t\t\t\t\t<\/div>\n\t\t\t\t<\/div>\n\t\t\t\t<div class=\"elementor-element elementor-element-cc14203 elementor-widget elementor-widget-formidable\" data-id=\"cc14203\" data-element_type=\"widget\" data-e-type=\"widget\" data-widget_type=\"formidable.default\">\n\t\t\t\t<div class=\"elementor-widget-container\">\n\t\t\t\t\t<div class=\"frm_forms  with_frm_style frm_style_style-formidable\" id=\"frm_form_1_container\" >\n<form enctype=\"multipart\/form-data\" method=\"post\" class=\"frm-show-form \" id=\"form_contact-form\" >\n<div class=\"frm_form_fields \">\n<fieldset>\n<legend class=\"frm_screen_reader\">Contact<\/legend>\r\n\r\n<div class=\"frm_fields_container\">\n<input type=\"hidden\" name=\"frm_action\" value=\"create\" \/>\n<input type=\"hidden\" name=\"form_id\" value=\"1\" \/>\n<input type=\"hidden\" name=\"frm_hide_fields_1\" id=\"frm_hide_fields_1\" value=\"\" \/>\n<input type=\"hidden\" name=\"form_key\" value=\"contact-form\" \/>\n<input type=\"hidden\" name=\"item_meta[0]\" value=\"\" \/>\n<input type=\"hidden\" id=\"frm_submit_entry_1\" name=\"frm_submit_entry_1\" value=\"c3b0c68544\" \/><input type=\"hidden\" name=\"_wp_http_referer\" value=\"\/index.php\/wp-json\/wp\/v2\/pages\/125\" \/><div id=\"frm_field_1_container\" class=\"frm_form_field form-field  frm_required_field frm_top_container frm12 frm_first\">\r\n    <label for=\"field_qh4icy\" id=\"field_qh4icy_label\" class=\"frm_primary_label\">Nom\r\n        <span class=\"frm_required\" aria-hidden=\"true\">*<\/span>\r\n    <\/label>\r\n    <input type=\"text\" id=\"field_qh4icy\" name=\"item_meta[1]\" value=\"\"  data-reqmsg=\"Ce champ ne peut pas \u00eatre vide\" aria-required=\"true\" data-invmsg=\"Name est non valide\" aria-invalid=\"false\"  \/>\r\n    \r\n    \r\n<\/div>\n<div id=\"frm_field_7_container\" class=\"frm_form_field form-field  frm_required_field frm_top_container\">\r\n    <label for=\"field_vh1hg\" id=\"field_vh1hg_label\" class=\"frm_primary_label\">Email\r\n        <span class=\"frm_required\" aria-hidden=\"true\">*<\/span>\r\n    <\/label>\r\n    <input type=\"email\" id=\"field_vh1hg\" name=\"item_meta[7]\" value=\"\"  data-reqmsg=\"Email ne peut pas \u00eatre vide.\" aria-required=\"true\" data-invmsg=\"Email est non valide\" aria-invalid=\"false\"  \/>\r\n    \r\n    \r\n<\/div>\n<div id=\"frm_field_9_container\" class=\"frm_form_field form-field  frm_top_container\">\r\n    <label for=\"field_vmiob\" id=\"field_vmiob_label\" class=\"frm_primary_label\">Sujet\r\n        <span class=\"frm_required\" aria-hidden=\"true\"><\/span>\r\n    <\/label>\r\n    <input type=\"text\" id=\"field_vmiob\" name=\"item_meta[9]\" value=\"\"  data-invmsg=\"texte est non valide\" aria-invalid=\"false\"  \/>\r\n    \r\n    \r\n<\/div>\n<div id=\"frm_field_5_container\" class=\"frm_form_field form-field  frm_required_field frm_top_container frm_full\">\r\n    <label for=\"field_9jv0r1\" id=\"field_9jv0r1_label\" class=\"frm_primary_label\">Message\r\n        <span class=\"frm_required\" aria-hidden=\"true\">*<\/span>\r\n    <\/label>\r\n    <textarea name=\"item_meta[5]\" id=\"field_9jv0r1\" rows=\"5\"  data-reqmsg=\"Ce champ ne peut pas \u00eatre vide\" aria-required=\"true\" data-invmsg=\"Message est non valide\" aria-invalid=\"false\"  ><\/textarea>\r\n    \r\n    \r\n<\/div>\n<div id=\"frm_field_11_container\" class=\"frm_form_field form-field  frm_none_container\">\r\n\t<label for=\"cf-turnstile-response\" id=\"field_cqg9m_label\" class=\"frm_primary_label\">Captcha\r\n\t\t<span class=\"frm_required\" aria-hidden=\"true\"><\/span>\r\n\t<\/label>\r\n\t<div  id=\"field_cqg9m\" class=\"frm-cf-turnstile\" data-sitekey=\"0x4AAAAAAAsIjH6p5UEKpACv\" data-language=\"fr-FR\" data-size=\"normal\" data-theme=\"light\"><\/div>\r\n\t\r\n\t\r\n<\/div>\n<div id=\"frm_field_10_container\" class=\"frm_form_field form-field \">\r\n\t<div class=\"frm_submit\">\r\n\r\n<button class=\"frm_button_submit\" type=\"submit\"  >Envoyer<\/button>\r\n\r\n\r\n<\/div>\r\n<\/div>\n\t<input type=\"hidden\" name=\"item_key\" value=\"\" \/>\n\t\t\t<div id=\"frm_field_12_container\">\n\t\t\t<label for=\"field_7ykv6\" >\n\t\t\t\tSi vous \u00eates un humain, ne remplissez pas ce champ.\t\t\t<\/label>\n\t\t\t<input  id=\"field_7ykv6\" type=\"text\" class=\"frm_form_field form-field frm_verify\" name=\"item_meta[12]\" value=\"\"  \/>\n\t\t<\/div>\n\t\t<input name=\"frm_state\" type=\"hidden\" value=\"EP1ZYVkcwgfrLXwEOFve+eTRbeBPD5jnyx8Pb4Uuago=\" \/><\/div>\n<\/fieldset>\n<\/div>\n\n<\/form>\n<\/div>\n\t\t\t\t<\/div>\n\t\t\t\t<\/div>\n\t\t\t\t\t<\/div>\n\t\t<\/div>\n\t\t\t\t\t<\/div>\n\t\t<\/section>\n\t\t\t\t<\/div>\n\t\t","protected":false},"excerpt":{"rendered":"<p>Nous contacter Une question ? Un commentaire ? Laissez-nous un message, nous nous ferons un plaisir d&rsquo;y r\u00e9pondre ! Envie de nous rejoindre ? Nous sommes toujours \u00e0 la recherche d&rsquo;artistes et de b\u00e9n\u00e9voles, n&rsquo;h\u00e9sitez pas \u00e0 vous pr\u00e9senter via le formulaire ci-dessous ! (N-B : les r\u00e9servations pour un spectacle, c&rsquo;est par ici &gt;&gt; [&hellip;]<\/p>\n","protected":false},"author":1,"featured_media":0,"parent":0,"menu_order":0,"comment_status":"closed","ping_status":"closed","template":"","meta":{"iawp_total_views":374,"footnotes":""},"class_list":["post-125","page","type-page","status-publish","hentry","entry"],"yoast_head":"<!-- This site is optimized with the Yoast SEO plugin v27.0 - https:\/\/yoast.com\/product\/yoast-seo-wordpress\/ -->\n<title>Contact - Echos de Sc\u00e8ne<\/title>\n<meta name=\"description\" content=\"Retrouvez ici notre formulaire de contact. Une question ? Une requ\u00eate ? Envie de nous rejoindre ? N&#039;h\u00e9sitez pas \u00e0 nous contacter !\" \/>\n<meta name=\"robots\" content=\"index, follow, max-snippet:-1, max-image-preview:large, max-video-preview:-1\" \/>\n<link rel=\"canonical\" href=\"https:\/\/echosdescene.fr\/index.php\/echos-de-scene-nous-contacter\/\" \/>\n<meta property=\"og:locale\" content=\"fr_FR\" \/>\n<meta property=\"og:type\" content=\"article\" \/>\n<meta property=\"og:title\" content=\"Contact - Echos de Sc\u00e8ne\" \/>\n<meta property=\"og:description\" content=\"Retrouvez ici notre formulaire de contact. Une question ? Une requ\u00eate ? Envie de nous rejoindre ? N&#039;h\u00e9sitez pas \u00e0 nous contacter !\" \/>\n<meta property=\"og:url\" content=\"https:\/\/echosdescene.fr\/index.php\/echos-de-scene-nous-contacter\/\" \/>\n<meta property=\"og:site_name\" content=\"Echos de Sc\u00e8ne\" \/>\n<meta property=\"article:publisher\" content=\"https:\/\/www.facebook.com\/EchosDeScene\/\" \/>\n<meta property=\"article:modified_time\" content=\"2024-09-29T16:27:20+00:00\" \/>\n<meta name=\"twitter:card\" content=\"summary_large_image\" \/>\n<meta name=\"twitter:label1\" content=\"Dur\u00e9e de lecture estim\u00e9e\" \/>\n\t<meta name=\"twitter:data1\" content=\"1 minute\" \/>\n<script type=\"application\/ld+json\" class=\"yoast-schema-graph\">{\"@context\":\"https:\/\/schema.org\",\"@graph\":[{\"@type\":\"WebPage\",\"@id\":\"https:\/\/echosdescene.fr\/index.php\/echos-de-scene-nous-contacter\/\",\"url\":\"https:\/\/echosdescene.fr\/index.php\/echos-de-scene-nous-contacter\/\",\"name\":\"Contact - Echos de Sc\u00e8ne\",\"isPartOf\":{\"@id\":\"https:\/\/echosdescene.fr\/#website\"},\"datePublished\":\"2023-02-17T14:11:05+00:00\",\"dateModified\":\"2024-09-29T16:27:20+00:00\",\"description\":\"Retrouvez ici notre formulaire de contact. Une question ? Une requ\u00eate ? Envie de nous rejoindre ? N'h\u00e9sitez pas \u00e0 nous contacter !\",\"breadcrumb\":{\"@id\":\"https:\/\/echosdescene.fr\/index.php\/echos-de-scene-nous-contacter\/#breadcrumb\"},\"inLanguage\":\"fr-FR\",\"potentialAction\":[{\"@type\":\"ReadAction\",\"target\":[\"https:\/\/echosdescene.fr\/index.php\/echos-de-scene-nous-contacter\/\"]}]},{\"@type\":\"BreadcrumbList\",\"@id\":\"https:\/\/echosdescene.fr\/index.php\/echos-de-scene-nous-contacter\/#breadcrumb\",\"itemListElement\":[{\"@type\":\"ListItem\",\"position\":1,\"name\":\"Accueil\",\"item\":\"https:\/\/echosdescene.fr\/\"},{\"@type\":\"ListItem\",\"position\":2,\"name\":\"Contact\"}]},{\"@type\":\"WebSite\",\"@id\":\"https:\/\/echosdescene.fr\/#website\",\"url\":\"https:\/\/echosdescene.fr\/\",\"name\":\"Echos de Sc\u00e8ne\",\"description\":\"\",\"publisher\":{\"@id\":\"https:\/\/echosdescene.fr\/#organization\"},\"potentialAction\":[{\"@type\":\"SearchAction\",\"target\":{\"@type\":\"EntryPoint\",\"urlTemplate\":\"https:\/\/echosdescene.fr\/?s={search_term_string}\"},\"query-input\":{\"@type\":\"PropertyValueSpecification\",\"valueRequired\":true,\"valueName\":\"search_term_string\"}}],\"inLanguage\":\"fr-FR\"},{\"@type\":\"Organization\",\"@id\":\"https:\/\/echosdescene.fr\/#organization\",\"name\":\"Echos de Sc\u00e8ne\",\"url\":\"https:\/\/echosdescene.fr\/\",\"logo\":{\"@type\":\"ImageObject\",\"inLanguage\":\"fr-FR\",\"@id\":\"https:\/\/echosdescene.fr\/#\/schema\/logo\/image\/\",\"url\":\"https:\/\/echosdescene.fr\/wp-content\/uploads\/2023\/02\/cropped-Header-v2-e1704304386221.png\",\"contentUrl\":\"https:\/\/echosdescene.fr\/wp-content\/uploads\/2023\/02\/cropped-Header-v2-e1704304386221.png\",\"width\":599,\"height\":336,\"caption\":\"Echos de Sc\u00e8ne\"},\"image\":{\"@id\":\"https:\/\/echosdescene.fr\/#\/schema\/logo\/image\/\"},\"sameAs\":[\"https:\/\/www.facebook.com\/EchosDeScene\/\"]}]}<\/script>\n<!-- \/ Yoast SEO plugin. -->","yoast_head_json":{"title":"Contact - Echos de Sc\u00e8ne","description":"Retrouvez ici notre formulaire de contact. Une question ? Une requ\u00eate ? Envie de nous rejoindre ? N'h\u00e9sitez pas \u00e0 nous contacter !","robots":{"index":"index","follow":"follow","max-snippet":"max-snippet:-1","max-image-preview":"max-image-preview:large","max-video-preview":"max-video-preview:-1"},"canonical":"https:\/\/echosdescene.fr\/index.php\/echos-de-scene-nous-contacter\/","og_locale":"fr_FR","og_type":"article","og_title":"Contact - Echos de Sc\u00e8ne","og_description":"Retrouvez ici notre formulaire de contact. Une question ? Une requ\u00eate ? Envie de nous rejoindre ? N'h\u00e9sitez pas \u00e0 nous contacter !","og_url":"https:\/\/echosdescene.fr\/index.php\/echos-de-scene-nous-contacter\/","og_site_name":"Echos de Sc\u00e8ne","article_publisher":"https:\/\/www.facebook.com\/EchosDeScene\/","article_modified_time":"2024-09-29T16:27:20+00:00","twitter_card":"summary_large_image","twitter_misc":{"Dur\u00e9e de lecture estim\u00e9e":"1 minute"},"schema":{"@context":"https:\/\/schema.org","@graph":[{"@type":"WebPage","@id":"https:\/\/echosdescene.fr\/index.php\/echos-de-scene-nous-contacter\/","url":"https:\/\/echosdescene.fr\/index.php\/echos-de-scene-nous-contacter\/","name":"Contact - Echos de Sc\u00e8ne","isPartOf":{"@id":"https:\/\/echosdescene.fr\/#website"},"datePublished":"2023-02-17T14:11:05+00:00","dateModified":"2024-09-29T16:27:20+00:00","description":"Retrouvez ici notre formulaire de contact. Une question ? Une requ\u00eate ? Envie de nous rejoindre ? N'h\u00e9sitez pas \u00e0 nous contacter !","breadcrumb":{"@id":"https:\/\/echosdescene.fr\/index.php\/echos-de-scene-nous-contacter\/#breadcrumb"},"inLanguage":"fr-FR","potentialAction":[{"@type":"ReadAction","target":["https:\/\/echosdescene.fr\/index.php\/echos-de-scene-nous-contacter\/"]}]},{"@type":"BreadcrumbList","@id":"https:\/\/echosdescene.fr\/index.php\/echos-de-scene-nous-contacter\/#breadcrumb","itemListElement":[{"@type":"ListItem","position":1,"name":"Accueil","item":"https:\/\/echosdescene.fr\/"},{"@type":"ListItem","position":2,"name":"Contact"}]},{"@type":"WebSite","@id":"https:\/\/echosdescene.fr\/#website","url":"https:\/\/echosdescene.fr\/","name":"Echos de Sc\u00e8ne","description":"","publisher":{"@id":"https:\/\/echosdescene.fr\/#organization"},"potentialAction":[{"@type":"SearchAction","target":{"@type":"EntryPoint","urlTemplate":"https:\/\/echosdescene.fr\/?s={search_term_string}"},"query-input":{"@type":"PropertyValueSpecification","valueRequired":true,"valueName":"search_term_string"}}],"inLanguage":"fr-FR"},{"@type":"Organization","@id":"https:\/\/echosdescene.fr\/#organization","name":"Echos de Sc\u00e8ne","url":"https:\/\/echosdescene.fr\/","logo":{"@type":"ImageObject","inLanguage":"fr-FR","@id":"https:\/\/echosdescene.fr\/#\/schema\/logo\/image\/","url":"https:\/\/echosdescene.fr\/wp-content\/uploads\/2023\/02\/cropped-Header-v2-e1704304386221.png","contentUrl":"https:\/\/echosdescene.fr\/wp-content\/uploads\/2023\/02\/cropped-Header-v2-e1704304386221.png","width":599,"height":336,"caption":"Echos de Sc\u00e8ne"},"image":{"@id":"https:\/\/echosdescene.fr\/#\/schema\/logo\/image\/"},"sameAs":["https:\/\/www.facebook.com\/EchosDeScene\/"]}]}},"_links":{"self":[{"href":"https:\/\/echosdescene.fr\/index.php\/wp-json\/wp\/v2\/pages\/125","targetHints":{"allow":["GET"]}}],"collection":[{"href":"https:\/\/echosdescene.fr\/index.php\/wp-json\/wp\/v2\/pages"}],"about":[{"href":"https:\/\/echosdescene.fr\/index.php\/wp-json\/wp\/v2\/types\/page"}],"author":[{"embeddable":true,"href":"https:\/\/echosdescene.fr\/index.php\/wp-json\/wp\/v2\/users\/1"}],"replies":[{"embeddable":true,"href":"https:\/\/echosdescene.fr\/index.php\/wp-json\/wp\/v2\/comments?post=125"}],"version-history":[{"count":57,"href":"https:\/\/echosdescene.fr\/index.php\/wp-json\/wp\/v2\/pages\/125\/revisions"}],"predecessor-version":[{"id":1160,"href":"https:\/\/echosdescene.fr\/index.php\/wp-json\/wp\/v2\/pages\/125\/revisions\/1160"}],"wp:attachment":[{"href":"https:\/\/echosdescene.fr\/index.php\/wp-json\/wp\/v2\/media?parent=125"}],"curies":[{"name":"wp","href":"https:\/\/api.w.org\/{rel}","templated":true}]}}